se 11, what is -33 - 7a52?
-7a85
In base 14, what is 4 - -4cb9?
4cbd
In base 12, what is -a + -25?
-33
In base 16, what is -5 - -6810?
680b
In base 3, what is -1122002211 + 12?
-1122002122
In base 15, what is 100 - -2e?
12e
In base 2, what is -110100011111100 - 1?
-110100011111101
In base 12, what is 6 + 264?
26a
In base 4, what is 220200 - 11003?
203131
In base 5, what is -1 - 123400?
-123401
In base 7, what is 514 - 141?
343
In base 6, what is -1110 + 33?
-1033
In base 10, what is 3 + -51895?
-51892
In base 8, what is 57016 + 0?
57016
In base 14, what is 3 + -248a?
-2487
In base 2, what is -1011010001001110000 - -100?
-1011010001001101100
In base 12, what is 4 - -3b581b?
3b5823
In base 14, what is 0 - 1352b9?
-1352b9
In base 15, what is 2 - -4b3ad?
4b3b0
In base 3, what is -100002202 + 100222?
-22201210
In base 10, what is -1 + -10140?
-10141
In base 3, what is -102 - -1000020001?
1000012122
In base 10, what is 12252 - -2?
12254
In base 3, what is 202 - -20010?
20212
In base 8, what is -75216 - -330?
-74666
In base 7, what is 2 - -442334?
442336
In base 10, what is -53183 - 2?
-53185
In base 16, what is b75 - -b?
b80
In base 3, what is -112122200101 - -2?
-112122200022
In base 14, what is -670 - 90?
-720
In base 2, what is 11010101111111 + -10?
11010101111101
In base 11, what is 101 - -250?
351
In base 3, what is 202212 + 10210000?
11112212
In base 14, what is -9c5d - 8?
-9c67
In base 2, what is 11110000110001 + -10?
11110000101111
In base 6, what is 12342 - 12101?
241
In base 13, what is 188 - -30a?
495
In base 4, what is 1010210321 + -10?
1010210311
In base 11, what is 9 - -11020?
11029
In base 9, what is -112 + 111?
-1
In base 12, what is -87 - -2615?
254a
In base 9, what is -40077 + -16?
-40104
In base 6, what is 51413 - 0?
51413
In base 10, what is 524 + -735?
-211
In base 11, what is 44 - -a07a?
a113
In base 11, what is a00 + -33?
978
In base 3, what is 22002222012 + -10?
22002222002
In base 9, what is 18301 - -106?
18407
In base 12, what is 1b + -a8310?
-a82b1
In base 2, what is 1000 + -10100000101?
-10011111101
In base 8, what is -1407 - 50?
-1457
In base 16, what is 0 - d1c9?
-d1c9
In base 5, what is -1010401322 - 3?
-1010401330
In base 7, what is -22212 - 14?
-22226
In base 5, what is -11121023 + -2?
-11121030
In base 5, what is -3103001 + -3?
-3103004
In base 13, what is a6 - 137b6?
-13710
In base 11, what is -212899 + 0?
-212899
In base 2, what is 100 - -10011111111000?
10011111111100
In base 16, what is 10b66d - 3?
10b66a
In base 15, what is 7012 + 2?
7014
In base 11, what is 10309 - -1?
1030a
In base 6, what is -40112 + -10?
-40122
In base 13, what is 4227c + 2?
42281
In base 2, what is -11 + 111000101011?
111000101000
In base 15, what is -30a + 210b?
1d01
In base 12, what is 5b74 + -9?
5b67
In base 14, what is -81b - -20?
-7db
In base 16, what is b1718 - 1?
b1717
In base 3, what is 0 + 1000000111011?
1000000111011
In base 13, what is -551 - 152a?
-1a7b
In base 13, what is -2 + 17571?
1756c
In base 13, what is 3 + 1709a?
170a0
In base 8, what is -5105 + 1?
-5104
In base 14, what is a694 - -3?
a697
In base 6, what is 215 - -521231?
521450
In base 7, what is -21 - 16365?
-16416
In base 15, what is -3 - b27?
-b2a
In base 11, what is 307 - 129?
189
In base 12, what is 3 - 33852?
-3384b
In base 6, what is -2145 - -34014?
31425
In base 12, what is a29122 - 2?
a29120
In base 11, what is -22632 - -3?
-2262a
In base 12, what is -3 - b1a7?
-b1aa
In base 10, what is -8777 + -14?
-8791
In base 13, what is a0 + 28?
c8
In base 13, what is 15ba + 33?
1620
In base 5, what is -142231 + 43?
-142133
In base 14, what is 1 - -d6db3?
d6db4
In base 8, what is 20556 + 143?
20721
In base 9, what is 4 + 45678?
45683
In base 7, what is 223 - 153?
40
In base 4, what is -220 - 12001203?
-12002023
In base 5, what is -4 - 4141221?
-4141230
In base 7, what is 60 - -2054?
2144
In base 11, what is 66 + -124?
-69
In base 14, what is -55092 + -4?
-55096
In base 14, what is 5 - d6dab?
-d6da6
In base 10, what is 409 - 1584?
-1175
In base 2, what is -110110001110001 + 1?
-110110001110000
In base 10, what is -302 + 87?
-215
In base 9, what is -170 - 184?
-364
In base 11, what is 60 - -5534?
5594
In base 14, what is a2 + b29d?
b361
In base 16, what is 5 + -19185?
-19180
In base 4, what is -1 + 2001332?
2001331
In base 14, what is 3 - -58297?
5829a
In base 2, what is -11011001000101010111 - 1011?
-11011001000101100010
In base 12, what is -1 - -22ab8?
22ab7
In base 8, what is 11067 - 17?
11050
In base 10, what is 23655 + 0?
23655
In base 3, what is 22201 - -121222221?
122022122
In base 11, what is -195 + 43?
-152
In base 16, what is -238 - 43e?
-676
In base 4, what is -1000 - 331013?
-332013
In base 3, what is -112100122 + 1111?
-112022011
In base 12, what is 2 - -80b35?
80b37
In base 4, what is -123 + -211333?
-212122
In base 10, what is -220 - -29?
-191
In base 3, what is -12 - 1112222201212?
-1112222202001
In base 14, what is -231b4 + 4?
-231b0
In base 16, what is -952 - 4?
-956
In base 9, what is -834406 - 4?
-834411
In base 15, what is 7 - -2912?
2919
In base 2, what is 101011101001 + -1000?
101011100001
In base 12, what is 8b7 + 19?
914
In base 8, what is 1 + -25752?
-25751
In base 4, what is 10 + -11210202?
-11210132
In base 4, what is 1100223 + -1?
1100222
In base 7, what is -36264065 - 4?
-36264102
In base 10, what is 5 + -51053?
-51048
In base 7, what is -4 - -41110?
41103
In base 15, what is -5104 - 0?
-5104
In base 8, what is -4 - -1603634?
1603630
In base 9, what is 4 + 15223?
15227
In base 6, what is 20 + -1?
15
In base 14, what is -5 - 13422?
-13427
In base 7, what is -2001 - -1616?
-52
In base 4, what is 10302211 - 3?
10302202
In base 8, what is -611 - 527?
-1340
In base 9, what is 12377 + -2?
12375
In base 2, what is -11011 + -1000110010000?
-1000110101011
In base 12, what is -16 - -46426?
46410
In base 10, what is -11 - -317?
306
In base 13, what is 24b14c + 0?
24b14c
In base 10, what is -482 + 848?
366
In base 7, what is -13405 + 236?
-13136
In base 6, what is 5 - -155235?
155244
In base 10, what is -3108 + 218?
-2890
In base 10, what is -3308 - 1?
-3309
In base 15, what is 4326e - 1?
4326d
In base 10, what is -322035 + 3?
-322032
In base 8, what is -1521 + 207?
-1312
In base 16, what is a + 799?
7a3
In base 12, what is 26477 + -3?
26474
In base 13, what is -4908 - 12?
-491a
In base 10, what is -1 - -160222?
160221
In base 4, what is 2210013 - 1121?
2202232
In base 15, what is 942b - 3?
9428
In base 11, what is -5 - -4aa475?
4aa470
In base 2, what is 10011 + 110010100?
110100111
In base 15, what is 2 + b36?
b38
In base 4, what is 10 + 1233301300?
1233301310
In base 5, what is -1001 + -4324?
-10330
In base 4, what is -213 + 310101?
303222
In base 13, what is -6265 - 3?
-6268
In base 4, what is 1101 - 102211?
-101110
In base 15, what is -376 + -83?
-409
In base 11, what is -3307 + -63?
-336a
In base 4, what is -101212 + -2?
-101220
In base 14, what is -4d13 + -6d?
-4d82
In base 13, what is -384 - -91b?
567
In base 2, what is -11101100011111101 + 10?
-11101100011111011
In base 8, what is 1 + -23434?
-23433
In base 11, what is -4 + 16900?
168a7
In base 11, what is 1245 + 17?
1261
In base 5, what is 410131 - 1?
410130
In base 9, what is -316 - -122?
-184
In base 16, what is -331 - -33e?
d
In base 8, what is -7 + -6637?
-6646
In base 5, what is 1424301 + 430?
1430231
In base 13, what is -33b3 - 2?
-33b5
In base 9, what is -13047 + 8?
-13038
In base 6, what is 3 - 11021132?
-11021125
In base 5, what is -2 - -34414411?
34414404
In base 2, what is -1111110011 - -11000111?
-1100101100
In base 8, what is 562137 + 1?
562140
In base 11, what is 7 + 1993?
199a
In base 3, what is -1011 + -112101?
-120112
In base 14, what is -38a0b + 1?
-38a0a
In base 14, what is -34b - -240?
-10b
In base 16, what is -5 + 173145?
173140
In base 10, what is -6623 + -29?
-6652
In base 3, what is 201111 + -2122?
121212
In base 4, what is -210020 + -112?
-210132
In base 4, what is 100220331 - 300?
100220031
In base 2, what is -1000010011011100111011 + -1?
-1000010011011100111100
In base 6, what is -1235 + 4141?
2502
In base 3, what is 1 + 100001101?
100001102
In base 4, what is 3 + 1201203210?
1201203213
In base 5, what is -40021 - -40?
-34431
In base 2, what is 100001100010010110 +